{"id":68,"date":"2018-07-16T08:27:14","date_gmt":"2018-07-16T06:27:14","guid":{"rendered":"https:\/\/sp7zabrze.edu.pl\/?page_id=68"},"modified":"2024-07-22T19:31:16","modified_gmt":"2024-07-22T17:31:16","slug":"patron-szkoly","status":"publish","type":"page","link":"https:\/\/sp7zabrze.edu.pl\/?page_id=68","title":{"rendered":"Patron szko\u0142y"},"content":{"rendered":"<div class=\"img_caption left\"><\/div>\n<p align=\"center\"><strong>\u00a0PATRON SZKO\u0141Y<\/strong><\/p>\n\n<figure class=\"wp-block-image size-full is-resized\"><img fetchpriority=\"high\" decoding=\"async\" class=\"wp-image-2264 alignleft\" src=\"https:\/\/sp7zabrze.edu.pl\/wp-content\/uploads\/2024\/07\/wyspianski-1.jpeg\" alt=\"\" width=\"236\" height=\"244\" \/><\/figure>\n1 czerwca 1989 roku dokonano aktu nadania szkole imienia. Patronem zosta\u0142 Stanis\u0142aw Wyspia\u0144ski. Wyb\u00f3r ten, jest istotnym elementem na drodze do tworzenia tego, co nazywamy aur\u0105 szko\u0142y. Wszechstronny talent tego artysty koresponduje z zamierzeniami szko\u0142y.\nStanis\u0142aw Wyspia\u0144ski &#8211; artysta m\u0142odopolski &#8211; urodzi\u0142 si\u0119 15 stycznia 1869 roku w Krakowie. Za spraw\u0105 ojca rze\u017abiarza od dzieci\u0144stwa obcowa\u0142 ze sztuk\u0105. Od 1880 roku wychowywa\u0142 si\u0119 u krewnych K. i J. Stankiewicz\u00f3w. Uczy\u0142 si\u0119 w s\u0142ynnym gimnazjum \u015bw. Anny (Nowodworskiego) i nawi\u0105za\u0142 w\u00f3wczas stosunki kole\u017ce\u0144skiej przyja\u017ani z J.Mehofferem, L.Rydlem, S.Estreicherem, H.Opie\u0144skim, J.\u017bu\u0142awskim. B\u0119d\u0105c jeszcze uczniem gimnazjum zacz\u0105\u0142 studiowa\u0107 w krakowskiej Szkole Sztuk Pi\u0119knych, kt\u00f3rej dyrektorem by\u0142 w\u00f3wczas Jan Matejko. Matejko powierzy\u0142 wyr\u00f3\u017cniaj\u0105cemu si\u0119 studentowi wsp\u00f3\u0142udzia\u0142 (wraz z J. Mehofferem) w wykonaniu zaprojektowanej przez siebie polichromii odnawianego ko\u015bcio\u0142a Mariackiego (1889-1890). Praca ta dostarczy\u0142a Wyspia\u0144skiemu do\u015bwiadcze\u0144, z kt\u00f3rych skorzysta\u0142 przy realizacji p\u00f3\u017aniejszych w\u0142asnych zamierze\u0144 z zakresu malarstwa monumentalnego. W latach 1887-1890 (oraz 1896-1897) ucz\u0119szcza\u0142 na Uniwersytet Jagiello\u0144ski. Uczestniczy\u0142 tam w wyk\u0142adach z historii sztuki (M.Soko\u0142owskiego), historii i literatury. W roku 1890 Wyspia\u0144ski zwiedzi\u0142 Austri\u0119, W\u0142ochy, Szwajcari\u0119, Niemcy i Francj\u0119. Otrzymanie stypendium umo\u017cliwi\u0142o mu kontynuacj\u0119 studi\u00f3w plastycznych w Pary\u017cu, gdzie przebywa\u0142 czterokrotnie (1890, 1891-1892, 1893, 1894). Ucz\u0119szcza\u0142 tam do Acad\u00e9mie Colarossi i \u00c9cole des Beaux Arts. stykaj\u0105c si\u0119 z nowymi tendencjami w sztuce i teatrze europejskim &#8211; ulega\u0142 w\u00f3wczas wp\u0142ywom P. Gauguina, nabist\u00f3w i japo\u0144skich mistrz\u00f3w drzeworytu.\n\nSilne wra\u017cenie wywar\u0142o na Wyspia\u0144skim malarstwo P. Puvis de Chavannes, zw\u0142aszcza freski w Panteonie. Pod wp\u0142ywem Wagnera powsta\u0142y pierwsze dramaty Wyspia\u0144skiego pomy\u015blane jako libretta operowe (Fanta\u015bci, Wanda, Daniel). Jego pr\u00f3by literackie cz\u0119sto stanowi\u0142y dope\u0142nienie tw\u00f3rczo\u015bci plastycznej (np. scena dramatyczna Kr\u00f3lowa Polskiej Korony zwi\u0105zana z projektami witra\u017cy katedry lwowskiej). W paryskich latach pisarza narodzi\u0142y si\u0119 tak\u017ce pomys\u0142y sztuk doko\u0144czonych p\u00f3\u017aniej (Legenda, Warszawianka, Meleager).Wyspia\u0144ski projektowa\u0142 i rekonstruowa\u0142 freski, witra\u017ce i polichromie w krakowskich ko\u015bcio\u0142ach, malowa\u0142 portrety (szczeg\u00f3lnie dzieci\u0119ce) i pejza\u017ce (ilustrowa\u0142 Iliad\u0119 w przek\u0142adzie Lucjana Rydla). W roku 1897 zosta\u0142 kierownikiem artystycznym krakowskiego &#8222;\u017bycia&#8221; &#8211; programowego czasopisma M\u0142odej Polski. W nast\u0119pnym roku wyda\u0142 dwa dramaty: Legend\u0119 i Warszawiank\u0119. W\u00f3wczas te\u017c odby\u0142a si\u0119 pierwsza premiera jego sztuki (Warszawianki), kt\u00f3ra zainaugurowa\u0142a wsp\u00f3\u0142prac\u0119 artysty z krakowskim teatrem. W roku 1900 po\u015blubi\u0142 ch\u0142opk\u0119 &#8211; Teodor\u0119 Teofil\u0119 Pytko, s\u0142u\u017c\u0105c\u0105 ciotki &#8222;prost\u0105, wiejsk\u0105 kobiet\u0119 bez wykszta\u0142cenia&#8221;, z kt\u00f3r\u0105 mia\u0142 ju\u017c w\u00f3wczas troje dzieci. W tym samym roku by\u0142 \u015bwiadkiem na \u015blubie przyjaciela z lat szkolnych &#8211; Lucjana Rydla z Jadwig\u0105 Miko\u0142ajczyk\u00f3wn\u0105 (by\u0142 to skandal towarzyski). Ju\u017c w miesi\u0105c po bronowickim weselu powsta\u0142a pierwsza scena nowego dramatu, po trzech miesi\u0105cach gotowy by\u0142 pierwszy akt Wesela. 16 marca 1901 roku odby\u0142a si\u0119 premiera, kt\u00f3ra sta\u0142a si\u0119 wielkim sukcesem teatralnym (35 przedstawie\u0144 w Krakowie w sezonie 1901\/1902). W kolejnych dramatach (Wyzwolenie, Boles\u0142aw \u015bmia\u0142y, Achilleis, Akropolis, Noc listopadowa, Ska\u0142ka) Wyspia\u0144ski nawi\u0105zywa\u0142 do mit\u00f3w antycznych i polskich mit\u00f3w narodowych. Tworzy\u0142 wiersze, zebrane i wydane dopiero po jego \u015bmierci, t\u0142umaczy\u0142 i komentowa\u0142 dzie\u0142a literatury europejskiej. By\u0142 wsp\u00f3\u0142za\u0142o\u017cycielem towarzystwa &#8222;Sztuka&#8221;, docentem Akademii Sztuk Pi\u0119knych i radnym miasta. Projektowa\u0142 wn\u0119trza i meble. W roku 1905 przedstawi\u0142 sw\u0105 kandydatur\u0119, na dyrektora Teatru Miejskiego w Krakowie, ale stanowiska tego nie otrzyma\u0142 (odnowienie i wzbogacenie wielkiego repertuaru teatralnego; ostatecznie dyrektorem zosta\u0142 L. Solski.) W rok p\u00f3\u017aniej ze wzgl\u0119du na pogarszaj\u0105cy si\u0119 stan zdrowia przeni\u00f3s\u0142 si\u0119 do wsi W\u0119grzce. Sparali\u017cowany, pokryty nie goj\u0105cymi si\u0119 ranami, tworzy\u0142 do ostatnich dni &#8211; nie mog\u0105c utrzyma\u0107 o\u0142\u00f3wka w r\u0119ku, dyktowa\u0142 fragmenty dramatu Zygmunt August ukochanej ciotce. Zmar\u0142 w wieku 38 lat w Krakowie 28 pa\u017adziernika 1907 roku, na gru\u017alic\u0119, oraz nieuleczaln\u0105 w\u00f3wczas chorob\u0119 weneryczn\u0105. Wyspia\u0144ski zosta\u0142 pochowany w krypcie zas\u0142u\u017conych w ko\u015bciele Paulin\u00f3w na Ska\u0142ce w Krakowie.<img decoding=\"async\" class=\"wp-image-2265 aligncenter\" src=\"https:\/\/sp7zabrze.edu.pl\/wp-content\/uploads\/2024\/07\/wyspianski-2.jpeg\" alt=\"\" width=\"266\" height=\"337\" \/>\n\n","protected":false},"excerpt":{"rendered":"<p>\u00a0PATRON SZKO\u0141Y 1 czerwca 1989 roku dokonano aktu nadania szkole imienia. Patronem zosta\u0142 Stanis\u0142aw Wyspia\u0144ski. Wyb\u00f3r ten, jest istotnym elementem <a href=\"https:\/\/sp7zabrze.edu.pl\/?page_id=68\" class=\"read-more\">Read More &#8230;<\/a><\/p>\n","protected":false},"author":1,"featured_media":0,"parent":0,"menu_order":0,"comment_status":"closed","ping_status":"closed","template":"","meta":{"_EventAllDay":false,"_EventTimezone":"","_EventStartDate":"","_EventEndDate":"","_EventStartDateUTC":"","_EventEndDateUTC":"","_EventShowMap":false,"_EventShowMapLink":false,"_EventURL":"","_EventCost":"","_EventCostDescription":"","_EventCurrencySymbol":"","_EventCurrencyCode":"","_EventCurrencyPosition":"","_EventDateTimeSeparator":"","_EventTimeRangeSeparator":"","_EventOrganizerID":[],"_EventVenueID":[],"_OrganizerEmail":"","_OrganizerPhone":"","_OrganizerWebsite":"","_VenueAddress":"","_VenueCity":"","_VenueCountry":"","_VenueProvince":"","_VenueState":"","_VenueZip":"","_VenuePhone":"","_VenueURL":"","_VenueStateProvince":"","_VenueLat":"","_VenueLng":"","_VenueShowMap":false,"_VenueShowMapLink":false,"footnotes":""},"class_list":["post-68","page","type-page","status-publish","hentry"],"_links":{"self":[{"href":"https:\/\/sp7zabrze.edu.pl\/index.php?rest_route=\/wp\/v2\/pages\/68","targetHints":{"allow":["GET"]}}],"collection":[{"href":"https:\/\/sp7zabrze.edu.pl\/index.php?rest_route=\/wp\/v2\/pages"}],"about":[{"href":"https:\/\/sp7zabrze.edu.pl\/index.php?rest_route=\/wp\/v2\/types\/page"}],"author":[{"embeddable":true,"href":"https:\/\/sp7zabrze.edu.pl\/index.php?rest_route=\/wp\/v2\/users\/1"}],"replies":[{"embeddable":true,"href":"https:\/\/sp7zabrze.edu.pl\/index.php?rest_route=%2Fwp%2Fv2%2Fcomments&post=68"}],"version-history":[{"count":4,"href":"https:\/\/sp7zabrze.edu.pl\/index.php?rest_route=\/wp\/v2\/pages\/68\/revisions"}],"predecessor-version":[{"id":2266,"href":"https:\/\/sp7zabrze.edu.pl\/index.php?rest_route=\/wp\/v2\/pages\/68\/revisions\/2266"}],"wp:attachment":[{"href":"https:\/\/sp7zabrze.edu.pl\/index.php?rest_route=%2Fwp%2Fv2%2Fmedia&parent=68"}],"curies":[{"name":"wp","href":"https:\/\/api.w.org\/{rel}","templated":true}]}}